{"id":856,"date":"2020-11-18T14:11:34","date_gmt":"2020-11-18T14:11:34","guid":{"rendered":"https:\/\/honey-scarheart.com\/?page_id=856"},"modified":"2026-03-01T13:09:58","modified_gmt":"2026-03-01T13:09:58","slug":"how-i-work","status":"publish","type":"page","link":"https:\/\/honey-scarheart.com\/?page_id=856","title":{"rendered":"Skillset"},"content":{"rendered":"<p>[vc_section][vc_row full_width=&#8220;stretch_row&#8220; full_height=&#8220;yes&#8220; columns_placement=&#8220;bottom&#8220; css=&#8220;.vc_custom_1601917055863{background-size: cover; background-position: top; max-height: 100vh}&#8220;][vc_column width=&#8220;5\/6&#8243; offset=&#8220;vc_col-lg-offset-1 vc_col-lg-10 vc_col-md-offset-2 vc_col-md-10 vc_col-sm-offset-2 vc_col-xs-offset-2 vc_col-xs-10&#8243; el_class=&#8220;faqbox&#8220;]<img loading=\"lazy\" decoding=\"async\" src=\"https:\/\/honey-scarheart.com\/wp-content\/uploads\/2025\/01\/sillset-copy1.jpg\" alt=\"\" width=\"1920\" height=\"737\" class=\"aligncenter size-full wp-image-1629\" srcset=\"https:\/\/honey-scarheart.com\/wp-content\/uploads\/2025\/01\/sillset-copy1.jpg 1920w, https:\/\/honey-scarheart.com\/wp-content\/uploads\/2025\/01\/sillset-copy1-300x115.jpg 300w, https:\/\/honey-scarheart.com\/wp-content\/uploads\/2025\/01\/sillset-copy1-1024x393.jpg 1024w, https:\/\/honey-scarheart.com\/wp-content\/uploads\/2025\/01\/sillset-copy1-768x295.jpg 768w, https:\/\/honey-scarheart.com\/wp-content\/uploads\/2025\/01\/sillset-copy1-1536x590.jpg 1536w\" sizes=\"(max-width: 1920px) 100vw, 1920px\" \/><\/p>\n<h1 style=\"text-align: center;\">SKILLSET<\/h1>\n<p>[vc_separator color=&#8220;custom&#8220; accent_color=&#8220;rgba(235,235,235,0.49)&#8220;][vc_toggle title=&#8220;Tattooerfahrung seit 2012&#8243;]Seit 2012 t\u00e4towiere ich auf regelm\u00e4\u00dfiger Basis.[\/vc_toggle][vc_toggle title=&#8220;Professionell, hygienisch und kompetent&#8220;]Ich arbeite selbstverst\u00e4ndlich immer sauber und hygienisch. Mein Arbeitsplatz wird vor und nach jedem Kunden desinfiziert. Zudem sind viele Materialien,<br \/>\ndie ich benutze Einwegprodukte, wie zum Beispiel die sterilen Nadeln, Becher oder Farbt\u00f6pfe, und werden f\u00fcr jeden Kunden frisch ge\u00f6ffnet. Alles andere ist stets in Folie eingepackt um jegliche Kreuzkontamination zu verhindern. Solltet Ihr Fragen diesbez\u00fcglich haben k\u00f6nnt Ihr mich gerne kontaktieren.[\/vc_toggle][vc_toggle title=&#8220;Workflow&#8220;]Das Tempo eines T\u00e4towierers ist beim arbeiten nat\u00fcrlich immer unterschiedlich, je nach Motiv und Stelle. Ich arbeite z\u00fcgig und effizient, Priorit\u00e4t hat vor der Geschwindgkeit aber immer die Qualit\u00e4t des Tattoos.<\/p>\n<p>Au\u00dferdem bin ich fest davon \u00fcberzeugt, dass man unn\u00f6tige Schmerzen mit<br \/>\nder Art und Weise wie man arbeitet vermeiden kann. Ich bin also kein Metzger, eher von einf\u00fchlsamer Natur und nat\u00fcrlich jeder Zeit bereit eine Pause zu machen wenn Ihr sie ben\u00f6tigt.<\/p>\n<p>9 von 10 Kunden \u00fcberleben den Schmerz.[\/vc_toggle][vc_toggle title=&#8220;Bevorzugte Stilrichtungen&#8220;]<\/p>\n<ul>\n<li style=\"text-align: left;\">Dark<\/li>\n<li style=\"text-align: left;\">Realism<\/li>\n<li style=\"text-align: left;\">Pop-Art<\/li>\n<li style=\"text-align: left;\">Colour<\/li>\n<li style=\"text-align: left;\">Spooky<\/li>\n<\/ul>\n<p>[\/vc_toggle][\/vc_column][\/vc_row][\/vc_section]<\/p>\n","protected":false},"excerpt":{"rendered":"<p>[vc_section][vc_row full_width=&#8220;stretch_row&#8220; full_height=&#8220;yes&#8220; columns_placement=&#8220;bottom&#8220; css=&#8220;.vc_custom_1601917055863{background-size: cover; background-position: top; max-height: 100vh}&#8220;][vc_column width=&#8220;5\/6&#8243; offset=&#8220;vc_col-lg-offset-1 vc_col-lg-10 vc_col-md-offset-2 vc_col-md-10 vc_col-sm-offset-2 vc_col-xs-offset-2 vc_col-xs-10&#8243; el_class=&#8220;faqbox&#8220;] SKILLSET [vc_separator color=&#8220;custom&#8220; accent_color=&#8220;rgba(235,235,235,0.49)&#8220;][vc_toggle title=&#8220;Tattooerfahrung seit 2012&#8243;]Seit 2012 t\u00e4towiere ich auf regelm\u00e4\u00dfiger Basis.[\/vc_toggle][vc_toggle title=&#8220;Professionell, hygienisch und kompetent&#8220;]Ich arbeite selbstverst\u00e4ndlich immer sauber und hygienisch. Mein Arbeitsplatz wird vor und nach jedem Kunden desinfiziert. Zudem sind viele Materialien, [&hellip;]<\/p>\n","protected":false},"author":1,"featured_media":0,"parent":0,"menu_order":0,"comment_status":"closed","ping_status":"closed","template":"","meta":{"footnotes":""},"_links":{"self":[{"href":"https:\/\/honey-scarheart.com\/index.php?rest_route=\/wp\/v2\/pages\/856"}],"collection":[{"href":"https:\/\/honey-scarheart.com\/index.php?rest_route=\/wp\/v2\/pages"}],"about":[{"href":"https:\/\/honey-scarheart.com\/index.php?rest_route=\/wp\/v2\/types\/page"}],"author":[{"embeddable":true,"href":"https:\/\/honey-scarheart.com\/index.php?rest_route=\/wp\/v2\/users\/1"}],"replies":[{"embeddable":true,"href":"https:\/\/honey-scarheart.com\/index.php?rest_route=%2Fwp%2Fv2%2Fcomments&post=856"}],"version-history":[{"count":66,"href":"https:\/\/honey-scarheart.com\/index.php?rest_route=\/wp\/v2\/pages\/856\/revisions"}],"predecessor-version":[{"id":1717,"href":"https:\/\/honey-scarheart.com\/index.php?rest_route=\/wp\/v2\/pages\/856\/revisions\/1717"}],"wp:attachment":[{"href":"https:\/\/honey-scarheart.com\/index.php?rest_route=%2Fwp%2Fv2%2Fmedia&parent=856"}],"curies":[{"name":"wp","href":"https:\/\/api.w.org\/{rel}","templated":true}]}}